{"id":378,"date":"2019-05-20T17:44:53","date_gmt":"2019-05-20T15:44:53","guid":{"rendered":"https:\/\/geruestbau-ulm.de\/?page_id=378"},"modified":"2020-10-27T11:46:55","modified_gmt":"2020-10-27T10:46:55","slug":"wir-ueber-uns","status":"publish","type":"page","link":"https:\/\/geruestbau-ulm.de\/index.php\/wir-ueber-uns\/","title":{"rendered":"Wir \u00fcber uns"},"content":{"rendered":"\n\t\t\t<h1>Wir \u00fcber uns<\/h1>\t\t\t\n\t<h2>\n\t\t\t\tWir \u00fcber uns\n\t\t\t<\/h2>\n\t\t<p><strong>Sie suchen nach einem kompetenten Ger\u00fcstbauer in Ulm \/Neu-Ulm? Dann haben Sie mit uns einen starken Partner an Ihrer Seite.<\/strong>Der Meisterbetrieb Ger\u00fcstbautechnik Zimmermann GmbH &amp; Co KG gl\u00e4nzt mit einer stetig aufstrebenden Entwicklung.\u00a0Seit dem Gr\u00fcndungsjahr 2011 sind wir mit unseren Team von \u00a0motivierten Fachkr\u00e4ften in der Lage, Auftr\u00e4ge jeglicher Gr\u00f6\u00dfe zuverl\u00e4ssig, fachm\u00e4nnisch und p\u00fcnktlich zu realisieren. Hierbei stehen wir Privatpersonen und Gewerbe in gleicherma\u00dfen zur Verf\u00fcgung.Zudem wird bei der Ger\u00fcstbautechnik Zimmermann GmbH &amp; Co KG gro\u00dfen Wert auf die Sicherheit unserer Mitarbeiter gelegt. Unsere Fachkr\u00e4fte sind die Basis f\u00fcr h\u00f6chste Qualit\u00e4t und bekommen daher regelm\u00e4\u00dfig Weiterbildungen die dazu f\u00fchren das unser Fachwissen sich st\u00e4ndig auf dem neuesten Stand der Zeit befindet. Dadurch k\u00f6nnen wir beispielsweise Ihr Fassadenger\u00fcst sicher und qualitativ hochwertig aufbauen wodurch Sie sich in Ruhe um Ihr Hausbau k\u00fcmmern k\u00f6nnen.Nat\u00fcrlich stehen wir auch f\u00fcr Auftr\u00e4ge au\u00dferhalb des Gro\u00dfraumes Ulm und Neu-Ulm zur Verf\u00fcgung.<\/p>\t\n\t\t\t\t<img loading=\"lazy\" decoding=\"async\" src=\"https:\/\/geruestbau-ulm.de\/wp-content\/uploads\/2019\/05\/zimmermann-ulm_ueber-uns.jpg\" alt=\"zimmermann-ulm_ueber-uns\" itemprop=\"image\" height=\"630\" width=\"555\" title=\"zimmermann-ulm_ueber-uns\" onerror=\"this.style.display='none'\"  \/>\n\t\t<h3>Falls Sie weitere Fragen haben k\u00f6nnen Sie diese jederzeit \u00fcber unser Kontaktformular an uns weiterleiten.<\/h3>\n\t\t\t<a href=\"\/index.php\/kontakt\/\" target=\"_self\" role=\"button\" rel=\"noopener noreferrer\">\n\t\t\t\t\t\t\t\t\t\t\tKontaktieren Sie uns\n\t\t<\/a>\n","protected":false},"excerpt":{"rendered":"<p>Wir \u00fcber uns Wir \u00fcber uns Sie suchen nach einem kompetenten Ger\u00fcstbauer in Ulm \/Neu-Ulm? Dann haben Sie mit uns einen starken Partner an Ihrer Seite.Der Meisterbetrieb Ger\u00fcstbautechnik Zimmermann GmbH &amp; Co KG gl\u00e4nzt mit einer stetig aufstrebenden Entwicklung.\u00a0Seit dem Gr\u00fcndungsjahr 2011 sind wir mit unseren Team von \u00a0motivierten Fachkr\u00e4ften in der Lage, Auftr\u00e4ge jeglicher&hellip;<\/p>\n","protected":false},"author":1,"featured_media":0,"parent":0,"menu_order":0,"comment_status":"closed","ping_status":"closed","template":"","meta":{"footnotes":""},"_links":{"self":[{"href":"https:\/\/geruestbau-ulm.de\/index.php\/wp-json\/wp\/v2\/pages\/378"}],"collection":[{"href":"https:\/\/geruestbau-ulm.de\/index.php\/wp-json\/wp\/v2\/pages"}],"about":[{"href":"https:\/\/geruestbau-ulm.de\/index.php\/wp-json\/wp\/v2\/types\/page"}],"author":[{"embeddable":true,"href":"https:\/\/geruestbau-ulm.de\/index.php\/wp-json\/wp\/v2\/users\/1"}],"replies":[{"embeddable":true,"href":"https:\/\/geruestbau-ulm.de\/index.php\/wp-json\/wp\/v2\/comments?post=378"}],"version-history":[{"count":4,"href":"https:\/\/geruestbau-ulm.de\/index.php\/wp-json\/wp\/v2\/pages\/378\/revisions"}],"predecessor-version":[{"id":399,"href":"https:\/\/geruestbau-ulm.de\/index.php\/wp-json\/wp\/v2\/pages\/378\/revisions\/399"}],"wp:attachment":[{"href":"https:\/\/geruestbau-ulm.de\/index.php\/wp-json\/wp\/v2\/media?parent=378"}],"curies":[{"name":"wp","href":"https:\/\/api.w.org\/{rel}","templated":true}]}}