{"id":19,"date":"2018-12-07T23:03:30","date_gmt":"2018-12-07T22:03:30","guid":{"rendered":"https:\/\/geruestbau-ulm.de\/?page_id=19"},"modified":"2019-05-28T22:19:35","modified_gmt":"2019-05-28T20:19:35","slug":"kontakt","status":"publish","type":"page","link":"https:\/\/geruestbau-ulm.de\/index.php\/kontakt\/","title":{"rendered":"Kontakt"},"content":{"rendered":"\n\t\t\t<h1>Kontakt<\/h1>\t\t\t\n\t<h2>\n\t\t\t\tKontaktieren Sie uns\n\t\t\t<\/h2>\n\t<p><strong>Haben Sie Fragen, W\u00fcnsche oder w\u00fcnschen Sie ein Angebot? Bitte nehmen Sie Kontakt mit uns auf, wir helfen Ihnen gerne weiter!<\/strong><\/p>\n\t\t\t\t<img loading=\"lazy\" decoding=\"async\" src=\"https:\/\/geruestbau-ulm.de\/wp-content\/uploads\/2019\/05\/Logo_Zimmermann1.png\" alt=\"Logo_Zimmermann1\" itemprop=\"image\" height=\"34\" width=\"210\" title=\"Logo_Zimmermann1\" onerror=\"this.style.display='none'\"  \/>\n\t<p><strong>Zimmermann Ger\u00fcstbautechnik GmbH &amp; Co KG<\/strong><\/p>\n<p>Am Bergweg 12 | 89250 Senden<\/p>\nTelefon: <a href=\"tel:07307953090\">07307\/953090 <\/a><br \/>\nTelefax: <a href=\"tel:07307953093\">07307\/953093 <\/a>\n<a href=\"mailto:info@zimmermann-geruestbautechnik.de\">info@zimmermann-geruestbautechnik.de<\/a><br \/>\n<a href=\"https:\/\/geruestbau-ulm.de\"> www.geruestbau-ulm.de<\/a>\n","protected":false},"excerpt":{"rendered":"<p>Kontakt Kontaktieren Sie uns Haben Sie Fragen, W\u00fcnsche oder w\u00fcnschen Sie ein Angebot? Bitte nehmen Sie Kontakt mit uns auf, wir helfen Ihnen gerne weiter! Zimmermann Ger\u00fcstbautechnik GmbH &amp; Co KG Am Bergweg 12 | 89250 Senden Telefon: 07307\/953090 Telefax: 07307\/953093 info@zimmermann-geruestbautechnik.de www.geruestbau-ulm.de<\/p>\n","protected":false},"author":1,"featured_media":0,"parent":0,"menu_order":0,"comment_status":"closed","ping_status":"closed","template":"","meta":{"footnotes":""},"_links":{"self":[{"href":"https:\/\/geruestbau-ulm.de\/index.php\/wp-json\/wp\/v2\/pages\/19"}],"collection":[{"href":"https:\/\/geruestbau-ulm.de\/index.php\/wp-json\/wp\/v2\/pages"}],"about":[{"href":"https:\/\/geruestbau-ulm.de\/index.php\/wp-json\/wp\/v2\/types\/page"}],"author":[{"embeddable":true,"href":"https:\/\/geruestbau-ulm.de\/index.php\/wp-json\/wp\/v2\/users\/1"}],"replies":[{"embeddable":true,"href":"https:\/\/geruestbau-ulm.de\/index.php\/wp-json\/wp\/v2\/comments?post=19"}],"version-history":[{"count":4,"href":"https:\/\/geruestbau-ulm.de\/index.php\/wp-json\/wp\/v2\/pages\/19\/revisions"}],"predecessor-version":[{"id":389,"href":"https:\/\/geruestbau-ulm.de\/index.php\/wp-json\/wp\/v2\/pages\/19\/revisions\/389"}],"wp:attachment":[{"href":"https:\/\/geruestbau-ulm.de\/index.php\/wp-json\/wp\/v2\/media?parent=19"}],"curies":[{"name":"wp","href":"https:\/\/api.w.org\/{rel}","templated":true}]}}